 4) to base 13.
22c
5 (base 6) to base 15
5
-2 (base 3) to base 8
-2
What is 32 (base 7) in base 9?
25
-d (base 16) to base 6
-21
-234 (base 6) to base 9
-114
What is -221 (base 3) in base 8?
-31
What is -2c (base 16) in base 2?
-101100
Convert 30 (base 4) to base 12.
10
What is 28 (base 10) in base 15?
1d
37 (base 12) to base 8
53
-51 (base 7) to base 16
-24
What is 2 (base 3) in base 6?
2
-101110 (base 2) to base 14
-34
What is -544 (base 7) in base 14?
-15b
Convert -134 (base 6) to base 9.
-64
-111 (base 2) to base 5
-12
Convert 0 (base 10) to base 6.
0
What is -28 (base 11) in base 9?
-33
Convert 2 (base 12) to base 5.
2
-17 (base 8) to base 3
-120
What is 18 (base 15) in base 3?
212
What is -10 (base 3) in base 5?
-3
Convert -a (base 11) to base 4.
-22
Convert -a (base 16) to base 10.
-10
74 (base 14) to base 16
66
Convert -15 (base 8) to base 12.
-11
-4 (base 13) to base 3
-11
Convert b (base 15) to base 6.
15
Convert 242 (base 5) to base 8.
110
What is 10 (base 8) in base 12?
8
Convert 9 (base 15) to base 8.
11
What is -1e (base 15) in base 8?
-35
4 (base 10) to base 15
4
What is -53 (base 13) in base 12?
-58
What is 23 (base 11) in base 3?
221
0 (base 5) to base 3
0
Convert -12 (base 9) to base 5.
-21
What is -2 (base 8) in base 3?
-2
-4 (base 12) to base 14
-4
Convert -30 (base 4) to base 11.
-11
What is -222 (base 3) in base 16?
-1a
1 (base 8) to base 11
1
Convert 1 (base 11) to base 13.
1
What is -8 (base 13) in base 14?
-8
What is -32 (base 10) in base 15?
-22
What is 10001 (base 2) in base 6?
25
What is 2 (base 11) in base 4?
2
2 (base 11) to base 4
2
300 (base 6) to base 4
1230
54 (base 16) to base 4
1110
100 (base 4) to base 13
13
What is 100210 (base 3) in base 16?
108
What is -5 (base 13) in base 11?
-5
What is 1 (base 12) in base 7?
1
Convert 23 (base 16) to base 13.
29
What is 3 (base 7) in base 12?
3
Convert 23 (base 15) to base 6.
53
What is -23 (base 14) in base 6?
-51
Convert -2 (base 14) to base 5.
-2
What is -2 (base 7) in base 12?
-2
What is -5 (base 15) in base 4?
-11
Convert 23 (base 10) to base 6.
35
-140 (base 8) to base 5
-341
Convert -321 (base 4) to base 12.
-49
What is 1 (base 14) in base 7?
1
Convert -1 (base 7) to base 9.
-1
Convert 0 (base 2) to base 7.
0
What is -22a (base 11) in base 13?
-181
Convert -6 (base 8) to base 2.
-110
-1 (base 12) to base 3
-1
What is -3 (base 8) in base 16?
-3
-132 (base 6) to base 12
-48
What is 232 (base 7) in base 15?
81
What is -524 (base 6) in base 4?
-3010
Convert -130 (base 5) to base 6.
-104
What is 1021 (base 3) in base 13?
28
What is 2 (base 13) in base 9?
2
Convert 8 (base 13) to base 11.
8
0 (base 12) to base 10
0
Convert 0 (base 16) to base 2.
0
-20 (base 12) to base 14
-1a
131 (base 6) to base 10
55
What is -64 (base 8) in base 12?
-44
Convert -a (base 14) to base 5.
-20
What is 84 (base 13) in base 4?
1230
What is -16 (base 12) in base 10?
-18
-1 (base 11) to base 5
-1
Convert -341 (base 5) to base 11.
-88
What is -66 (base 12) in base 5?
-303
3 (base 13) to base 6
3
-2 (base 3) to base 8
-2
Convert 60 (base 11) to base 12.
56
Convert 2011 (base 3) to base 13.
46
What is 280 (base 9) in base 5?
1414
Convert -1 (base 2) to base 15.
-1
What is -20 (base 3) in base 9?
-6
What is -3 (base 8) in base 15?
-3
Convert 1001 (base 2) to base 8.
11
-210 (base 4) to base 14
-28
Convert -3 (base 4) to base 14.
-3
What is 5 (base 6) in base 4?
11
-231 (base 5) to base 8
-102
What is 0 (base 16) in base 3?
0
Convert 1a7 (base 11) to base 8.
356
What is 7 (base 8) in base 4?
13
-120 (base 3) to base 5
-30
Convert 10 (base 4) to base 13.
4
Convert 1244 (base 5) to base 9.
241
1 (base 6) to base 15
1
-99 (base 14) to base 4
-2013
Convert 0 (base 10) to base 4.
0
-10 (base 8) to base 11
-8
Convert 3 (base 11) to base 2.
11
What is -b (base 16) in base 14?
-b
Convert 9 (base 16) to base 3.
100
Convert -100010000 (base 2) to base 5.
-2042
51 (base 8) to base 9
45
What is -6 (base 13) in base 9?
-6
Convert -1 (base 9) to base 4.
-1
110 (base 5) to base 8
36
What is 28 (base 13) in base 2?
100010
What is 8 (base 16) in base 14?
8
3 (base 10) to base 4
3
What is 24 (base 14) in base 10?
32
Convert 2 (base 7) to base 11.
2
Convert -88 (base 11) to base 9.
-116
What is -110011 (base 2) in base 3?
-1220
Convert 2 (base 10) to base 15.
2
What is 165 (base 11) in base 4?
3000
What is 222 (base 3) in base 14?
1c
What is -1 (base 2) in base 13?
-1
31 (base 11) to base 9
37
12 (base 9) to base 4
23
What is 2 (base 14) in base 10?
2
92 (base 10) to base 7
161
What is -11001 (base 3) in base 4?
-1231
-42 (base 6) to base 7
-35
-80 (base 15) to base 6
-320
What is 10 (base 3) in base 6?
3
-1 (base 5) to base 7
-1
What is -22 (base 7) in base 10?
-16
What is -2 (base 4) in base 14?
-2
Convert 1210 (base 3) to base 10.
48
-21 (base 9) to base 15
-14
-11 (base 4) to base 8
-5
What is 1 (base 5) in base 6?
1
32 (base 4) to base 12
12
-154 (base 8) to base 16
-6c
What is -38 (base 16) in base 10?
-56
Convert 3 (base 4) to base 9.
3
-133 (base 4) to base 8
-37
What is 10 (base 5) in base 11?
5
What is 2 (base 13) in base 7?
2
What is -1301 (base 5) in base 6?
-533
-300 (base 4) to base 14
-36
23 (base 9) to base 12
19
b (base 14) to base 3
102
Convert -3 (base 15) to base 3.
-10
Convert 3 (base 5) to base 11.
3
46 (base 9) to base 12
36
Convert -356 (base 8) to base 11.
-1a7
Convert -3 (base 8) to base 12.
-3
What is -12 (base 13) in base 2?
-1111
Convert 101210 (base 3) to base 9.
353
7 (base 8) to base 16
7
Convert 1d (base 15) to base 4.
130
Convert 22 (base 3) to base 7.
11
What is -1310 (base 4) in base 16?
-74
10 (base 8) to base 16
8
Convert -13 (base 12) to base 9.
-16
What is -187 (base 10) in base 12?
-137
Convert -1 (base 9) to base 16.
-1
Convert -1a (base 16) to base 4.
-122
Convert 0 (base 3) to base 14.
0
Convert 103 (base 5) to base 15.
1d
-1101101 (base 2) to base 15
-74
Convert 1a (base 11) to base 7.
30
-51 (base 10) to base 5
-201
Convert 62 (base 7) to base 6.
112
What is -50 (base 12) in base 5?
-220
21 (base 8) to base 2
10001
11 (base 8) to base 16
9
0 (base 6) to base 13
0
101 (base 5) to base 8
32
Convert -200 (base 3) to base 2.
-10010
What is 6 (base 9) in base 13?
6
What is 3 (base 4) in base 15?
3
Convert 1 (base 6) to base 3.
1
-6 (base 12) to base 15
-6
-24 (base 12) to base 8
-34
11 (base 7) to base 13
8
What is 451 (base 6) in base 13?
106
-11 (base 14) to base 3
-120
73 (base 16) to base 13
8b
-1 (base 8) to base 10
-1
Convert -87 (base 10) to base 14.
-63
Convert 30 (base 5) to base 2.
1111
-15 (base 14) to base 6
-31
Convert 12 (base 10) to base 6.
20
What is -22 (base 4) in base 14?
-a
What is -6 (base 13) in base 15?
-6
Convert 30 (base 7) to base 12.
19
Convert 5 (base 16) to base 11.
5
What is 1 (base 5) in base 16?
1
-11 (base 4) to base 5
-10
c6 (base 16) to base 11
170
3 (base 13) to base 3
10
What is -73 (base 16) in base 14?
-83
Convert -20 (base 9) to base 15.
-13
-100001 (base 2) to base 12
-29
Convert -62 (base 9) to base 4.
-320
152 (base 7) to base 14
62
Convert -12 (base 9) to base 3.
-102
Convert -3 (base 16) to base 4.
-3
Convert -110 (base 2) to base 15.
-6
What is -7 (base 10) in base 14?
-7
What is 20 (base 14) in base 16?
1c
-d7 (base 16) to base 8
-327
What is 181 (base 9) in base 11?
130
What is 2 (base 7) in base 14?
2
What is -3 (base 8) in base 6?
-3
What is -a8 (base 15) in base 7?
-314
What is -8 (base 15) in base 2?
-1000
What is 1016 (base 7) in base 12?
258
-64 (base 7) to base 6
-114
20 (base 3) to base 2
110
Convert -b (base 14) to base 11.
-10
What is -101 (base 5) in base 16?
-1a
What is -21 (base 3) in base 14?
-7
Convert -30 (base 15) to base 4.
-231
What is 3 (base 11) in base 6?
3
Convert 2 (base 8) to base 14.
2
7 (base 8) to base 6
11
What is -28 (base 9) in base 4?
-122
132 (base 13) to base 5
1320
Convert 2201 (base 3) to base 5.
243
Convert -12100 (base 3) to base 6.
-400
Convert 3 (base 7) to base 9.
3
Convert -29 (base 16) to base 8.
-51
What is 16 (base 15) in base 4?
111
-32 (base 15) to base 4
-233
What is 201 (base 3) in base 16?
13
Convert b (base 12) to base 2.
1011
Convert -100 (base 3) to base 10.
-9
25 (base 8) to base 16
15
Convert -3 (base 9) to base 13.
-3
What is -2 (base 4) in base 3?
-2
22 (base 6) to 